{"id":1245,"date":"2024-05-01T02:25:08","date_gmt":"2024-05-01T01:25:08","guid":{"rendered":"https:\/\/salamshopping.com\/?post_type=product&#038;p=1245"},"modified":"2024-05-01T02:25:08","modified_gmt":"2024-05-01T01:25:08","slug":"coque-de-telephone-a-ventouse-double-face-en-silicone-mains-libres-support-solide-pour-selfies-et-videos-compatible-iphone-et-android","status":"publish","type":"product","link":"https:\/\/salamshopping.com\/index.php\/product\/coque-de-telephone-a-ventouse-double-face-en-silicone-mains-libres-support-solide-pour-selfies-et-videos-compatible-iphone-et-android\/","title":{"rendered":"Coque de t\u00e9l\u00e9phone \u00e0 ventouse double face en silicone, mains libres, support solide pour selfies et vid\u00e9os &#8211; Compatible iPhone et Android"},"content":{"rendered":"<h2 id=\"tw-target-text\" class=\"tw-data-text tw-text-large tw-ta\" dir=\"rtl\" style=\"text-align: center;\" data-placeholder=\"Traduction\" aria-label=\"Texte traduit\" data-ved=\"2ahUKEwjri8vzneuFAxVeYPEDHT4rDzcQ3ewLegQIBRAU\"><strong><span class=\"Y2IQFc\" lang=\"ar\">\u062d\u0627\u0645\u0644 \u0648 \u063a\u0637\u0627\u0621 \u0642\u0648\u064a \u0644\u0644\u0647\u0627\u062a\u0641 \u0645\u062a\u0639\u062f\u062f \u0627\u0644\u0627\u0633\u062a\u062e\u062f\u0627\u0645\u0627\u062a<\/span><\/strong><\/h2>\n<p><img fetchpriority=\"high\" decoding=\"async\" class=\" wp-image-1259 aligncenter\" src=\"http:\/\/salamshopping.com\/wp-content\/uploads\/2024\/05\/Screenshot-2024-05-01-at-1.01.29-AM-224x300.png\" alt=\"\" width=\"309\" height=\"414\" srcset=\"https:\/\/salamshopping.com\/wp-content\/uploads\/2024\/05\/Screenshot-2024-05-01-at-1.01.29-AM-224x300.png 224w, https:\/\/salamshopping.com\/wp-content\/uploads\/2024\/05\/Screenshot-2024-05-01-at-1.01.29-AM-764x1024.png 764w, https:\/\/salamshopping.com\/wp-content\/uploads\/2024\/05\/Screenshot-2024-05-01-at-1.01.29-AM-768x1029.png 768w, https:\/\/salamshopping.com\/wp-content\/uploads\/2024\/05\/Screenshot-2024-05-01-at-1.01.29-AM-690x925.png 690w, https:\/\/salamshopping.com\/wp-content\/uploads\/2024\/05\/Screenshot-2024-05-01-at-1.01.29-AM.png 1064w\" sizes=\"(max-width: 309px) 100vw, 309px\" \/><\/p>\n<h2 style=\"text-align: center;\"><strong><span class=\"Y2IQFc\" lang=\"ar\">\u0635\u0648\u0631 \u0627\u0644\u0633\u064a\u0644\u0641\u064a \u0648\u0645\u0642\u0627\u0637\u0639 \u0627\u0644\u0641\u064a\u062f\u064a\u0648 \u0628\u0637\u0631\u064a\u0642\u0629 \u0627\u062d\u062a\u0631\u0627\u0641\u064a\u0629\u00a0<\/span><\/strong><\/h2>\n<p><img decoding=\"async\" class=\" wp-image-1251 aligncenter\" src=\"http:\/\/salamshopping.com\/wp-content\/uploads\/2024\/05\/Screenshot-2024-05-01-at-1.09.33-AM-300x222.png\" alt=\"\" width=\"355\" height=\"263\" srcset=\"https:\/\/salamshopping.com\/wp-content\/uploads\/2024\/05\/Screenshot-2024-05-01-at-1.09.33-AM-300x222.png 300w, https:\/\/salamshopping.com\/wp-content\/uploads\/2024\/05\/Screenshot-2024-05-01-at-1.09.33-AM-1024x758.png 1024w, https:\/\/salamshopping.com\/wp-content\/uploads\/2024\/05\/Screenshot-2024-05-01-at-1.09.33-AM-768x568.png 768w, https:\/\/salamshopping.com\/wp-content\/uploads\/2024\/05\/Screenshot-2024-05-01-at-1.09.33-AM-690x511.png 690w, https:\/\/salamshopping.com\/wp-content\/uploads\/2024\/05\/Screenshot-2024-05-01-at-1.09.33-AM.png 1116w\" sizes=\"(max-width: 355px) 100vw, 355px\" \/><\/p>\n<p><img decoding=\"async\" class=\" wp-image-1248 aligncenter\" src=\"http:\/\/salamshopping.com\/wp-content\/uploads\/2024\/05\/Screenshot-2024-05-01-at-1.13.23-AM-300x297.png\" alt=\"\" width=\"356\" height=\"352\" srcset=\"https:\/\/salamshopping.com\/wp-content\/uploads\/2024\/05\/Screenshot-2024-05-01-at-1.13.23-AM-300x297.png 300w, https:\/\/salamshopping.com\/wp-content\/uploads\/2024\/05\/Screenshot-2024-05-01-at-1.13.23-AM-1024x1015.png 1024w, https:\/\/salamshopping.com\/wp-content\/uploads\/2024\/05\/Screenshot-2024-05-01-at-1.13.23-AM-768x761.png 768w, https:\/\/salamshopping.com\/wp-content\/uploads\/2024\/05\/Screenshot-2024-05-01-at-1.13.23-AM-90x90.png 90w, https:\/\/salamshopping.com\/wp-content\/uploads\/2024\/05\/Screenshot-2024-05-01-at-1.13.23-AM-100x100.png 100w, https:\/\/salamshopping.com\/wp-content\/uploads\/2024\/05\/Screenshot-2024-05-01-at-1.13.23-AM-690x684.png 690w, https:\/\/salamshopping.com\/wp-content\/uploads\/2024\/05\/Screenshot-2024-05-01-at-1.13.23-AM.png 1092w\" sizes=\"(max-width: 356px) 100vw, 356px\" \/><\/p>\n<p><img loading=\"lazy\" decoding=\"async\" class=\" wp-image-1257 aligncenter\" src=\"http:\/\/salamshopping.com\/wp-content\/uploads\/2024\/05\/Screenshot-2024-05-01-at-1.00.53-AM-168x300.png\" alt=\"\" width=\"272\" height=\"486\" srcset=\"https:\/\/salamshopping.com\/wp-content\/uploads\/2024\/05\/Screenshot-2024-05-01-at-1.00.53-AM-168x300.png 168w, https:\/\/salamshopping.com\/wp-content\/uploads\/2024\/05\/Screenshot-2024-05-01-at-1.00.53-AM-574x1024.png 574w, https:\/\/salamshopping.com\/wp-content\/uploads\/2024\/05\/Screenshot-2024-05-01-at-1.00.53-AM-768x1369.png 768w, https:\/\/salamshopping.com\/wp-content\/uploads\/2024\/05\/Screenshot-2024-05-01-at-1.00.53-AM-690x1230.png 690w, https:\/\/salamshopping.com\/wp-content\/uploads\/2024\/05\/Screenshot-2024-05-01-at-1.00.53-AM.png 802w\" sizes=\"(max-width: 272px) 100vw, 272px\" \/><\/p>\n<h2 style=\"text-align: center;\"><strong><span class=\"Y2IQFc\" lang=\"ar\">iPhone \u0648 Android\u00a0\u00a0\u064a\u062a\u0648\u0627\u0641\u0642 \u0645\u0639\u00a0 \u0643\u0644 \u0645\u0646<\/span><\/strong><\/h2>\n<p><img loading=\"lazy\" decoding=\"async\" class=\" wp-image-1252 aligncenter\" src=\"http:\/\/salamshopping.com\/wp-content\/uploads\/2024\/05\/Screenshot-2024-05-01-at-1.06.43-AM-297x300.png\" alt=\"\" width=\"365\" height=\"369\" srcset=\"https:\/\/salamshopping.com\/wp-content\/uploads\/2024\/05\/Screenshot-2024-05-01-at-1.06.43-AM-297x300.png 297w, https:\/\/salamshopping.com\/wp-content\/uploads\/2024\/05\/Screenshot-2024-05-01-at-1.06.43-AM-1015x1024.png 1015w, https:\/\/salamshopping.com\/wp-content\/uploads\/2024\/05\/Screenshot-2024-05-01-at-1.06.43-AM-768x775.png 768w, https:\/\/salamshopping.com\/wp-content\/uploads\/2024\/05\/Screenshot-2024-05-01-at-1.06.43-AM-90x90.png 90w, https:\/\/salamshopping.com\/wp-content\/uploads\/2024\/05\/Screenshot-2024-05-01-at-1.06.43-AM-100x100.png 100w, https:\/\/salamshopping.com\/wp-content\/uploads\/2024\/05\/Screenshot-2024-05-01-at-1.06.43-AM-690x696.png 690w, https:\/\/salamshopping.com\/wp-content\/uploads\/2024\/05\/Screenshot-2024-05-01-at-1.06.43-AM.png 1170w\" sizes=\"(max-width: 365px) 100vw, 365px\" \/><\/p>\n<p><img loading=\"lazy\" decoding=\"async\" class=\" wp-image-1249 aligncenter\" src=\"http:\/\/salamshopping.com\/wp-content\/uploads\/2024\/05\/Screenshot-2024-05-01-at-1.10.54-AM-300x297.png\" alt=\"\" width=\"378\" height=\"374\" srcset=\"https:\/\/salamshopping.com\/wp-content\/uploads\/2024\/05\/Screenshot-2024-05-01-at-1.10.54-AM-300x297.png 300w, https:\/\/salamshopping.com\/wp-content\/uploads\/2024\/05\/Screenshot-2024-05-01-at-1.10.54-AM-1024x1014.png 1024w, https:\/\/salamshopping.com\/wp-content\/uploads\/2024\/05\/Screenshot-2024-05-01-at-1.10.54-AM-768x761.png 768w, https:\/\/salamshopping.com\/wp-content\/uploads\/2024\/05\/Screenshot-2024-05-01-at-1.10.54-AM-90x90.png 90w, https:\/\/salamshopping.com\/wp-content\/uploads\/2024\/05\/Screenshot-2024-05-01-at-1.10.54-AM-100x100.png 100w, https:\/\/salamshopping.com\/wp-content\/uploads\/2024\/05\/Screenshot-2024-05-01-at-1.10.54-AM-690x683.png 690w, https:\/\/salamshopping.com\/wp-content\/uploads\/2024\/05\/Screenshot-2024-05-01-at-1.10.54-AM.png 1434w\" sizes=\"(max-width: 378px) 100vw, 378px\" \/><\/p>\n","protected":false},"excerpt":{"rendered":"<p>\u062d\u0627\u0645\u0644 \u0648 \u063a\u0637\u0627\u0621 \u0642\u0648\u064a \u0644\u0644\u0647\u0627\u062a\u0641 \u0645\u062a\u0639\u062f\u062f \u0627\u0644\u0627\u0633\u062a\u062e\u062f\u0627\u0645\u0627\u062a \u0635\u0648\u0631 \u0627\u0644\u0633\u064a\u0644\u0641\u064a \u0648\u0645\u0642\u0627\u0637\u0639 \u0627\u0644\u0641\u064a\u062f\u064a\u0648 \u0628\u0637\u0631\u064a\u0642\u0629 \u0627\u062d\u062a\u0631\u0627\u0641\u064a\u0629\u00a0 iPhone \u0648 Android\u00a0\u00a0\u064a\u062a\u0648\u0627\u0641\u0642 \u0645\u0639\u00a0 \u0643\u0644 \u0645\u0646<\/p>\n","protected":false},"featured_media":1246,"template":"","meta":{"om_disable_all_campaigns":false},"product_brand":[],"product_cat":[15],"product_tag":[],"class_list":{"0":"post-1245","1":"product","2":"type-product","3":"status-publish","4":"has-post-thumbnail","6":"product_cat-uncategorized","8":"first","9":"instock","10":"sale","11":"taxable","12":"shipping-taxable","13":"purchasable","14":"product-type-simple"},"aioseo_notices":[],"jetpack_sharing_enabled":true,"_links":{"self":[{"href":"https:\/\/salamshopping.com\/index.php\/wp-json\/wp\/v2\/product\/1245","targetHints":{"allow":["GET"]}}],"collection":[{"href":"https:\/\/salamshopping.com\/index.php\/wp-json\/wp\/v2\/product"}],"about":[{"href":"https:\/\/salamshopping.com\/index.php\/wp-json\/wp\/v2\/types\/product"}],"version-history":[{"count":1,"href":"https:\/\/salamshopping.com\/index.php\/wp-json\/wp\/v2\/product\/1245\/revisions"}],"predecessor-version":[{"id":1265,"href":"https:\/\/salamshopping.com\/index.php\/wp-json\/wp\/v2\/product\/1245\/revisions\/1265"}],"wp:featuredmedia":[{"embeddable":true,"href":"https:\/\/salamshopping.com\/index.php\/wp-json\/wp\/v2\/media\/1246"}],"wp:attachment":[{"href":"https:\/\/salamshopping.com\/index.php\/wp-json\/wp\/v2\/media?parent=1245"}],"wp:term":[{"taxonomy":"product_brand","embeddable":true,"href":"https:\/\/salamshopping.com\/index.php\/wp-json\/wp\/v2\/product_brand?post=1245"},{"taxonomy":"product_cat","embeddable":true,"href":"https:\/\/salamshopping.com\/index.php\/wp-json\/wp\/v2\/product_cat?post=1245"},{"taxonomy":"product_tag","embeddable":true,"href":"https:\/\/salamshopping.com\/index.php\/wp-json\/wp\/v2\/product_tag?post=1245"}],"curies":[{"name":"wp","href":"https:\/\/api.w.org\/{rel}","templated":true}]}}